 3*f + 6, 0 = -3*r + 5*f + h. What is the units digit of r?
3
Suppose -3*m + 1519 - 118 = 4*h, -4*h = -3*m - 1407. Let x = -89 + h. What is the hundreds digit of x?
2
Let h be (-5 + 1715/14)/((-2)/(-4)). Suppose -5*k = m - h, 41 = -2*k + 3*k - m. What is the tens digit of k?
4
Suppose -3*l - 9 = -768. What is the hundreds digit of l?
2
Let x = -3 + 5. Let q be (0 + x/(-4))*-2. Let p(j) = 27*j**2. What is the units digit of p(q)?
7
Let v(o) = 2*o**3 + 2*o**2 - 15*o + 42. What is the units digit of v(6)?
6
Let n(d) = 126*d + 505. What is the tens digit of n(15)?
9
Let y = 691 + -40. What is the units digit of y?
1
Let z(a) = -2*a**2 + 3*a - 1. Let q be 8/14*(-7)/(-2). Let x be z(q). Let b(k) = -8*k - 3. What is the units digit of b(x)?
1
Let k be (2 - 0 - 5) + -47. What is the units digit of ((-70)/k)/((-2)/(-10))?
7
Let p be (2 - 6/4)*0. Suppose p = -10*m + 287 + 73. What is the tens digit of m?
3
What is the units digit of (-28)/21 + 3432/9?
0
Let r = 8 - 8. Suppose -5*c + 6*c - 44 = r. Suppose -c + 0 = -4*f. What is the tens digit of f?
1
Let b be 2*(4 + 0 + -3). Suppose b*h = h. Suppose -w - 2*z + 60 = -h*z, 0 = 2*w - z - 100. What is the units digit of w?
2
Let z(n) = -n**3 - 24*n**2 + 18*n + 47. What is the units digit of z(-25)?
2
Let q = 9 + -7. What is the units digit of (3/q)/((-12)/(-456))?
7
Suppose 0 = -5*w + 4*n + 2427, -3*n - 1459 = -3*w - 2*n. What is the tens digit of w?
8
Let s(c) be the first derivative of -c**4/4 + 10*c**3/3 - 5*c**2 + 2*c - 4. Let k be (32/(-10))/(-5 + (-115)/(-25)). What is the tens digit of s(k)?
5
Let c(g) = -4*g + 30. Let b be c(0). Suppose -34*x + b*x = -356. What is the tens digit of x?
8
Let x be 10*(-6)/9*(-93)/5. Let h = -58 + x. What is the tens digit of h?
6
Let k(d) = 7*d - 16. Suppose 0 = 16*v - 28 - 68. What is the units digit of k(v)?
6
Let z = 45 + 185. Let i = -68 + z. What is the hundreds digit of i?
1
What is the tens digit of 4932/10 + (-8)/(-10)?
9
Let t be (-7)/(-14) + 2/(-4). Suppose t = d + 3*d. Suppose d = 3*f - f - 10, 4*j - 4*f = 12. What is the units digit of j?
8
Let n(u) = 4*u + 197. What is the tens digit of n(-38)?
4
Let q(b) = 131*b - 350. What is the units digit of q(9)?
9
Suppose k - 107 = 5*a + 100, -4*k + 3*a = -879. What is the tens digit of k?
2
Suppose a - 18 = -2*a. Let j = a + -4. Suppose -72 = -j*n - 0*n. What is the units digit of n?
6
Let x be (-1)/(-3) + 145/15. Suppose -x = 2*z + 2. Let p = z - -26. What is the tens digit of p?
2
Suppose 5*l + 0 = v + 5, -5*l = 3*v - 25. Suppose 35 = 3*o + l*o. What is the units digit of o?
7
What is the tens digit of 32147/62 - ((-9)/6 + 0)?
2
What is the tens digit of (492 - 218)*18/4?
3
Suppose -412 = -3*s + 5*t + 1484, -s = 3*t - 632. What is the units digit of s?
2
Let q = 795 + -442. Suppose -4*x + q = 1. What is the tens digit of x?
8
Suppose -3*v - 64 + 371 = 2*k, 0 = 5*v - 4*k - 541. Suppose -m - 210 = 2*m. Let f = v + m. What is the tens digit of f?
3
Suppose 0*f - 33 = -5*f - 4*u, 5*u = -4*f + 30. Suppose f*s - 181 = -x, 3*s = 6*s + 2*x - 110. What is the tens digit of s?
3
Let d(c) be the second derivative of -c**4/12 - 2*c**3 - 15*c**2/2 - 9*c. Let u be d(-11). What is the units digit of -5*(22/(-5) - u)?
2
Suppose -h + 72 = -4*q + 5*q, 2*q = -3*h + 221. Suppose -c + 103 = -h. What is the units digit of (2/(-4))/((-9)/c)?
0
Let q be (72/(-30))/(2/(-20)). Suppose -4*m + q = 2*m. What is the units digit of 5/1*(m - -2)?
0
Let x = 1435 - 868. Suppose -x = -11*h + 4*h. What is the units digit of h?
1
Let m(l) = 44*l + 4. Let i be m(3). Suppose 0*u + 4*u - i = 0. What is the units digit of u?
4
Let y(g) = 3*g**2 + 2*g + 0 + 5 - 3. Let t be y(-3). Suppose x = t + 7. What is the units digit of x?
0
Let y(i) = -i + 2. Let x be y(-2). Suppose 0 = -q + 3*f, -x*q + 3*f + 10 = f. Suppose -2*u - q*u + 165 = 0. What is the tens digit of u?
3
Suppose -2*h - 5*q + 527 = h, 5*h + 2*q = 910. What is the units digit of h?
4
Let f = 570 - 258. Suppose -6*i = 2*i - f. What is the tens digit of i?
3
Let n(v) = v**3 + v**2 - 6*v + 558. What is the tens digit of n(0)?
5
Suppose 1 = 5*x - 9. Suppose -67 = -x*d + 105. What is the tens digit of d?
8
Let q be (2805/(-35) - 2) + (-1)/(-7). Let s = q - -124. What is the units digit of s?
2
Let y = 7 + -5. Let h = 0 + y. What is the tens digit of 0*1/h - -11?
1
Let l(o) = o**2 - 12*o - 76. Let t be l(32). Let a = -289 + t. What is the units digit of a?
5
Let d(w) = -w**3 + 9*w**2 - 8*w + 5. Let t be d(8). Suppose -t*v + 845 = 5*q, -2*v - 4*q = -3*v + 159. What is the hundreds digit of v?
1
Let b be (7 - 36) + 0/2. Let m = b + 27. Let j(i) = -i**3 + i**2 + 3*i + 2. What is the units digit of j(m)?
8
Let k(s) = -s + 13. Let n(z) = z**3 + 6*z**2 - 8*z - 7. Let r be n(-7). Let d be k(r). Suppose d = 2*o - 53. What is the tens digit of o?
3
Let g = 5 - 0. Suppose w = -4, -d - g*w + 2*w - 6 = 0. Suppose -j = -k + 3 - 12, 2*j + 2*k - d = 0. What is the units digit of j?
6
What is the units digit of 2*3/51 + (-2442)/(-51)?
8
What is the tens digit of -888*(44/(-8) - -5)?
4
What is the units digit of -10 - (5887/(-7) - 7)?
8
Let j(y) = -y**3 - 15*y**2 - 14*y + 5. Let z be j(-14). Suppose -4*u - 2*r = -4*r - 292, z*u - 378 = -4*r. What is the units digit of u?
4
Let g = 5179 - 2110. What is the hundreds digit of g?
0
Suppose 3*j - 4*s = 22, 2 - 30 = -4*j + 5*s. Suppose -j*r + 30 = 4*r. What is the units digit of r?
5
Let a = -4 + 7. Suppose 2*z = -a*p + 3, 0*z + p = -z. Let g = 10 + z. What is the units digit of g?
7
Let g be 1 + (-3)/(1 + -4 + 2). Let x(n) = -4*n + 17. What is the units digit of x(g)?
1
Let s(i) = -3*i + 4*i - 3*i - 28 + 24. Let t be s(-4). Suppose -y = -t*g - 63, g = -6*y + 3*y + 241. What is the units digit of y?
9
Let d = 1 + -21. Let b be (2 - 7)*8/d. Suppose v - b*h - 35 = 0, -3*v + 0*v - 4*h = -95. What is the units digit of v?
3
Suppose 0 = 13*m + 788 - 2101. What is the hundreds digit of m?
1
What is the tens digit of 11/((-231)/(-18))*42?
3
Let s(z) = z + 12. Let q be s(-5). Let h = q + 7. What is the units digit of h?
4
Let v be (-6)/(-5)*35/14. Suppose 0*i - 2*h - 240 = -2*i, -460 = -4*i - h. Suppose -4*j - 3*r = -i, -v*j = -5*j + 4*r + 58. What is the tens digit of j?
2
Let q be -65 + -3 + (-4 - -4). Let x be 1 + q - 6/3. Let t = 100 + x. What is the tens digit of t?
3
What is the units digit of 2 + -1 - (-5)/((-5)/(-417))?
8
Let k = -1163 + 1325. What is the hundreds digit of k?
1
Let p(i) = 20*i**2 - 7*i + 38. What is the tens digit of p(15)?
3
Let u be (9 + -9)/(-2 - 1). Suppose j - 119 = -n + 28, u = 4*j + 5*n - 585. What is the tens digit of j?
5
Let k(j) = -6*j**2 + 17. Let s(y) = 10*y**2 - 17*y**2 + 23 - 5. Let w(m) = -5*k(m) + 4*s(m). What is the tens digit of w(6)?
5
Suppose -10*y - y + 44 = 0. Suppose y*d + 20 = 0, -f + 7*d = 4*d - 166. What is the units digit of f?
1
Let j be (9 - 5)*3/(-2). What is the units digit of (-29)/(-2) - 3/j?
5
Suppose -3*s - 4 = 11, -3*k - 4*s + 4390 = 0. Suppose -6*b = b - k. What is the tens digit of b?
1
What is the hundreds digit of (168/40)/(27/2070)?
3
Let b = -3316 - 651. Let t = b - -2559. What is the units digit of t/(-77) - (-4)/(-14)?
8
Suppose 18308 = 9*v + 1721. What is the units digit of v?
3
Let n be -1 + (9 - 1)/4. Let t be 4*n/(16/12). Suppose d + 0 = t. What is the units digit of d?
3
Let r be ((-80)/(-50))/((-2)/(-5)). Suppose 2*j + 2*j - 48 = 2*a, -r*j - 6 = a. What is the tens digit of (4/(-3))/2*a?
1
Let i(x) = -11 + 6*x**2 + 11 - x**2. Let n be i(1). Suppose -n*k = -7*k + 94. What is the units digit of k?
7
Let z be 3 - -1 - (1 - (502 + 1)). Suppose 2*x - r - z = r, 5*x - 1229 = -4*r. What is the hundreds digit of x?
2
Suppose 4*o + 4 = 6*o. Suppose w + 5*f = 11, o*w - 3*f = 11 + 76. What is the tens digit of w?
3
Let r = -691 + 1835. What is the hundreds digit of r?
1
Suppose 0 = -15*o - 13*o + 27748. What is the hundreds digit of o?
9
Let x = 19 - 53. Let v = x - -46. What is the units digit of v?
2
Let r = 20 + -50. Let x = 118 - r. What is the tens digit of x?
4
Suppose 108*c - 106*c - 958 = 0. What is the units digit of c?
9
Let g = 25 - 48. What is the tens digit of (0 - 151)*g/23?
5
Suppose -r - 2*y = r + 6, -3*r + 2*y + 6 = 0. Let f be (r + -227)*(3 - 4). Let p = -156 + f. What is the tens digit of p?
7